*g, 3*j - 2*j + 5*g = 2. Let z(m) be the first derivative of m**3/3 - m**2 + 2*m - 1. Give z(j).
2
Let j be (((-18)/24)/(-3))/((-1)/(-1)). Let r(v) be the first derivative of 1 + v**3 + j*v**4 - v + v**2. Give r(-3).
-7
Let w = -1 + 1. Let y(j) be the first derivative of -5 + 1/2*j**2 + 3*j. What is y(w)?
3
Let m = 5 - 2. Let h(k) be the third derivative of -k**6/120 + k**5/15 - k**4/12 - k**3/3 + 31*k**2. What is h(m)?
1
Let y = 195 - 191. Let q(x) = -x**3 + 4*x**2 - 4*x + 2. What is q(y)?
-14
Let x(z) = z**2 - 8*z - 8. Suppose -5*s + 22 + 13 = 0. What is x(s)?
-15
Let m be 1/(-2)*0*(-2)/6. Let y(i) = i + 14. Determine y(m).
14
Let h(x) = x**3 - 6*x**2 + 6*x - 10. Let l(u) = u - 1. Let q(i) = h(i) - 6*l(i). Give q(6).
-4
Let z(m) = 0*m + 2*m + m. Suppose 2*u = 2*s + 4, -4*s - 3*u = -u + 2. Give z(s).
-3
Let i(k) = -k**3 + 7*k**2 + 2*k - 9. Let z be (-3)/(-8) - 530/(-80). What is i(z)?
5
Let j(p) be the second derivative of 1/2*p**4 + 1/20*p**5 + 3*p**2 + p**3 - 2*p + 0. Calculate j(-4).
14
Suppose 3 - 21 = 3*t. Let q(p) = -p - 9. What is q(t)?
-3
Let m(h) be the second derivative of h**5/20 - 5*h**4/12 - h**3/6 + 9*h. What is m(5)?
-5
Let x(k) = -k**2 + 10*k + 1. Let c be x(7). Let m(d) = d - 1. Let l(a) = 13*a - 9. Let n(t) = c*m(t) - 2*l(t). Determine n(-4).
12
Let c(y) = -2*y**2 + y - 1. Let t(u) = -2*u**2 + 3*u + 4. Let l(h) = -5*h**2 + 5*h + 7. Let n(z) = -3*l(z) + 7*t(z). Let s be n(-5). Calculate c(s).
-7
Suppose -16*o = -10*o + 36. Let j(c) = 2*c**3 + c - c**3 + 4 + 10*c**2 - 4*c**2. Give j(o).
-2
Let z(c) = -c - 1. Let x be (-1 - -1) + (-78)/(-13). Calculate z(x).
-7
Suppose 5 = 4*a + s + 36, 0 = a + 5*s - 16. Let t be 1 + -7 - (-1 - 0). Let o = a - t. Let f(w) = -w**3 - 5*w**2 - 4*w - 1. Determine f(o).
-1
Let a(c) be the third derivative of -c**7/840 + c**6/90 + c**5/60 - c**4/12 + c**3/6 + 2*c**2. Let b(i) be the first derivative of a(i). Determine b(4).
6
Let h(v) = v + 11*v**2 - 1 + 1. Let p = -279 + 280. Give h(p).
12
Let f(s) = -s**3 + 10*s**2 - 9*s - 3. Suppose -45 = 5*q - 10*q. What is f(q)?
-3
Suppose -5*f = 2*q + 7, 4*q + 3*f + 5 = 12. Let v(s) = 4*s**2 + s**3 + 233 - 236 - s - 2*s**3. What is v(q)?
-7
Let m(c) = -c - 2. Let w be m(-5). Let t(q) = q - q + 2 + 2*q**3 + 4*q**2 - q**w. Give t(-4).
2
Let j(d) = d**2 - 8*d + 4. Let y(z) = -z**3 + 14*z**2 - 13*z + 5. Let t be y(13). What is j(t)?
-11
Let w(j) be the second derivative of 0 - 5*j + 3*j**2 + 5/12*j**4 + 1/20*j**5 + 1/6*j**3. Give w(-5).
1
Let w(n) be the first derivative of 2*n**3/3 + n**2/2 - 5*n + 7. Let o(y) be the first derivative of w(y). Give o(1).
5
Let k(i) = -8 + 2 + 3*i + 3*i**2 - 6*i**2 + 4*i**2. Let u(p) = -p + 1. Let r be u(6). Calculate k(r).
4
Let w(i) = -i + 4. Let t = -1 + 1. Let s be w(t). Let q(v) = -v**2 + 6*v - 3. Calculate q(s).
5
Suppose 0 = 3*b + 3*k + 6, -5*k = 4*b + 14 - 1. Let a(o) = 4*o**2 + b*o + o + o - 3*o**2. What is a(-5)?
0
Let g(f) be the second derivative of 3*f**5/20 + f**4/6 - f**2/2 + 5*f. What is g(-1)?
-2
Let p(x) = -2*x - 4. Let l(n) = -n**3 - 3 + n**2 + 4*n**2 - 1 + 6*n**2. Let i be l(11). What is p(i)?
4
Let w(f) = 2*f**2 - 13*f + 11. Let o(l) = l**2 - 7*l + 6. Let j(i) = -11*o(i) + 6*w(i). Determine j(-1).
2
Let d be ((-5)/(-15))/((-2)/(-36)). Let j be 1 + -2 - (d + -9). Let u(z) = -z**2 + 6*z - 3. Let g(x) = -x + 1. Let k(r) = 5*g(r) + u(r). Determine k(j).
0
Let w be (-7 + 6)/(2 + -1). Let f(z) = -12*z**2 + z + 1. Calculate f(w).
-12
Suppose -8*z + 75 - 107 = 0. Let a(o) = -o**3 + 2 + 1 - 5*o**2 - 4*o - 6. What is a(z)?
-3
Let l(n) = n**3 + 4*n**2 - 5*n. Let g be l(-5). Let o(y) = 3 - 1 + 4*y + g + 1. Determine o(-3).
-9
Let l(q) = -q**2 + 5*q + 1. Suppose p - 9 - 3 = 0. Let z be 75/p + 2/(-8). Let x be l(z). Let g(i) = i - 3. Calculate g(x).
-8
Let n = 3 + -2. Let a(m) be the third derivative of -m**4/6 - 12*m**2. Calculate a(n).
-4
Let q(a) be the third derivative of a**4/24 - a**3/6 + 5*a**2. Calculate q(3).
2
Let g = -6 - -2. Let n(w) = -w**2 - 3*w - 1. Calculate n(g).
-5
Let m(n) = -4*n + n**3 + 0 - 24*n**2 + 2 + 22*n**2. Give m(3).
-1
Let h(p) be the third derivative of -p**9/60480 + p**8/5040 + p**7/2520 - p**6/120 - p**5/60 + 4*p**2. Let c(s) be the third derivative of h(s). What is c(4)?
2
Let j(p) = -3*p + 4*p + 2*p - p**2 - p**3. Let f(b) = -b + 5. Let q be f(8). Calculate j(q).
9
Let x(m) = -m**2 - 5*m + 3. Let y be (1 + -3 + 3)*3. Suppose -y*z - 8 = -z. What is x(z)?
7
Let s(h) = h**3 - 4*h**2 - 8*h + 9. Let g be s(6). Suppose 5*j - g = -8. Let a(l) = 3*l + l + 5 - l**2 + 0*l. Give a(j).
0
Suppose -4*k + l + 1 = 20, -k + l = 7. Let x(i) = 9*i**3 - 2*i**2 + 2*i - 2. Let r(z) = 5*z**3 - z**2 + z - 1. Let a(g) = k*x(g) + 7*r(g). Calculate a(2).
-5
Suppose 0*v + 20 = 4*v. Suppose 3*h + 6 + 6 = 0. Let g = h + v. Let x(b) = 5*b. Determine x(g).
5
Let s(n) = -n**2 + 4*n - 1. Let t be s(4). Let k = 3 + t. Let i(h) = -h**3 + h**2 + 2*h + 1. Determine i(k).
1
Let w(t) be the third derivative of -7*t**6/120 + t**5/30 - t**4/24 - t**2. Let u(g) = -g**3 + 5*g**2 - 6*g + 9. Let h be u(4). Calculate w(h).
-6
Suppose -6*c = -2*c - 4. Let v(x) = -18*x. Calculate v(c).
-18
Let y(n) = -7*n**2 + 1. Let j be y(1). Let z be -3 - j/((-6)/3). Let g(m) = 2*m + 6. Determine g(z).
-6
Let i = 8 - 7. Suppose -3*j - 6 = -6*j. Let n(r) = -i - 1 + j - r. Calculate n(-3).
3
Let u(g) = g**3 + 2*g**2 - 2*g + 1. Let z(h) be the second derivative of -h**5/10 + h**4/12 + 3*h. Let a be z(-1). Let c = a + -2. Give u(c).
2
Let n(q) = 5*q**3 - 4*q**3 + 3*q**2 + 7*q - 6*q. Calculate n(-3).
-3
Let g(y) = -y**3 - y**2 + y + 1. Let o(x) = 3*x**3 - 2*x**2 - 4*x. Let a(s) = 2*g(s) + o(s). Give a(4).
-6
Let n(k) = 4*k**3 - 3*k**2 + k - 5. Let i(u) = u**3 - u**2 - 1. Let z(w) = -5*i(w) + n(w). Give z(4).
-28
Let a = 8 - 13. Let i(b) be the third derivative of b**6/120 + b**5/15 - 5*b**4/24 + 2*b**3/3 + b**2. Calculate i(a).
4
Suppose -4*q = -3*o + 11, 2*q = -3*o - 3*q - 7. Let c be o/2 - 21/6. Let j(g) = -g**2 + 4. Calculate j(c).
-5
Suppose 0 = o - 3*o + 8. Let q be -2*o + (-6)/(-3). Let t be (-10)/q*(-9)/3. Let z(x) = -x**3 - 5*x**2 - x - 2. What is z(t)?
3
Suppose 3*a = 2*g + 5*a + 2, 0 = g + 2*a - 4. Let l(z) = z**2 + 6*z + 5. Calculate l(g).
5
Suppose -2 = -2*t, -n + 10 + 0 = 5*t. Let d(b) be the third derivative of -1/8*b**4 + 0 - 4*b**2 - 7/6*b**3 + 1/60*b**5 + 0*b. Give d(n).
3
Let g(y) be the first derivative of -y**4/4 - 2*y**3 + y + 2. Let j = -16 + 10. Calculate g(j).
1
Let t(h) be the first derivative of 1/3*h**3 - 1/4*h**4 - 1 - h + 0*h**2. Give t(2).
-5
Let s(y) = 13*y**2 + y - 6. Let d(u) = 26*u**2 + 2*u - 11. Let v(z) = 6*d(z) - 11*s(z). What is v(1)?
14
Let x = -1 + -5. Let r be 10/(-1 - (0 - 3)). Let k = x + r. Let w(n) = -6*n**3 + 1. Calculate w(k).
7
Let g(x) be the first derivative of x**4/4 + x**3/3 - x**2/2 + 9*x - 3. Let o be (-4)/(-18) - 6/27. What is g(o)?
9
Let q(a) = a**3 + a**2 + a + 6. Suppose -2*c - 7*i = -2*i - 13, -4*c = -3*i - 13. Let y be c/(-18) + 14/63. Give q(y).
6
Let t(v) = -v + 0 + 0. Let p be t(-3). Let f(k) be the second derivative of k**5/20 - k**4/4 + k**3/3 - 3*k**2/2 - 2*k. What is f(p)?
3
Suppose -4*k = -2*k - 10. Suppose -2*o - 3*m = 1, -k*o + 4*m - 5 = 9. Let w(c) = 2*c**3 + 4*c**2 + 2*c - 1. Let v be w(o). Let s(g) = 3*g + 6. What is s(v)?
-9
Let h(i) = 2*i - 40. Let w be h(15). Let u(s) = s**3 + 11*s**2 + 8*s - 13. Give u(w).
7
Let p(y) = 2*y + 12. Suppose -20*q + 25*q + 40 = 0. What is p(q)?
-4
Let c(i) = i**3 + 5*i**2 + 4. Let o = 16 + -9. Let f be o + 1 + 4/2. Let t be f/(-2) - (-1 - -1). Calculate c(t).
4
Let h(m) = m**3 - 2*m - 2. Let o be (-1 - 5)*(-10)/15. Let l = o + -6. What is h(l)?
-6
Let w(a) = a**3 - 3*a**2 + 1. Let x be w(3). Let j be (-1)/((-3)/12*x). Suppose -5*s = 2*y, 4*s - y = j*y. Let v(i) = i - 7. Determine v(s).
-7
Let l(b) = -17*b - 5 + 14*b + 5. Determine l(1).
-3
Let p(g) = -38*g**2 + 11*g + 20. Let f(x) = 13*x**2 - 4*x - 7. Let o(s) = -17*f(s) - 6*p(s). Give o(1).
8
Let y(i) = -i - 1. Let q(h) = -h - 4. Let n be q(-6). Let w(x) = -2*x**2 + x + 2. Let g be w(n). Determine y(g).
3
Let o(t) = t**2 - 3*t + 1. Let w(h) be the third derivative of h**5/60 - 7*h**4/24 + h**3/6 + 6*h**2. Let b be w(7). Calculate o(b).
-1
Suppose 3*t = -2*t + 15. Let p be t*-1*(-2)/(-3). Let q(f) be